1827?
61, 53037407
List the prime factors of 534687756.
2, 3, 181, 246173
What are the prime factors of 1324442498?
2, 631, 1049479
What are the prime factors of 198376628?
2, 167, 296971
What are the prime factors of 3579349476?
2, 3, 29, 10285487
List the prime factors of 294479486.
2, 7, 21034249
What are the prime factors of 269481437?
67, 4022111
List the prime factors of 659559157.
659559157
List the prime factors of 5132801457.
3, 7, 4507, 18077
What are the prime factors of 1573943?
7, 37, 59, 103
List the prime factors of 438765871.
23, 71, 139, 1933
What are the prime factors of 3981170282?
2, 19, 109, 881, 1091
What are the prime factors of 2693022421?
31, 86871691
What are the prime factors of 1565507302?
2, 47, 3137, 5309
What are the prime factors of 32074630?
2, 5, 7, 191, 2399
List the prime factors of 260155876.
2, 137, 474737
What are the prime factors of 473960234?
2, 11, 4289, 5023
List the prime factors of 551031486.
2, 3, 233, 394157
What are the prime factors of 583444936?
2, 72930617
List the prime factors of 360120.
2, 3, 5, 3001
What are the prime factors of 648610256?
2, 7, 73, 1619
List the prime factors of 10316228.
2, 13, 29, 6841
What are the prime factors of 141744?
2, 3, 2953
List the prime factors of 76999020.
2, 3, 5, 7, 19, 9649
What are the prime factors of 498217260?
2, 3, 5, 23, 149, 2423
List the prime factors of 84711977.
7, 461, 26251
What are the prime factors of 8269850030?
2, 5, 13, 63614231
List the prime factors of 107725777.
107725777
List the prime factors of 481652685.
3, 5, 251, 42643
What are the prime factors of 284785689?
3, 43, 127, 17383
List the prime factors of 1430471363.
1559, 917557
What are the prime factors of 251193370?
2, 5, 37, 678901
What are the prime factors of 628346113?
73, 8607481
List the prime factors of 1260887533.
1327, 950179
List the prime factors of 209578836.
2, 3, 17464903
What are the prime factors of 437321027?
11, 13, 73, 41893
List the prime factors of 100656574.
2, 50328287
List the prime factors of 24109935.
3, 5, 1031, 1559
What are the prime factors of 443439680?
2, 5, 1385749
What are the prime factors of 2662705652?
2, 665676413
List the prime factors of 53645563.
29, 1849847
List the prime factors of 675941414.
2, 103, 3281269
List the prime factors of 2803145379.
3, 934381793
What are the prime factors of 595904073?
3, 198634691
List the prime factors of 90618311.
7, 101, 128173
List the prime factors of 3516814111.
3516814111
List the prime factors of 21490089.
3, 7163363
What are the prime factors of 167214724?
2, 41803681
What are the prime factors of 54735515?
5, 23, 179, 2659
What are the prime factors of 95970461?
95970461
List the prime factors of 88297478.
2, 179, 246641
What are the prime factors of 51945801?
3, 31, 71, 7867
What are the prime factors of 1067373714?
2, 3, 11, 331, 48859
List the prime factors of 2246239055.
5, 271, 1657741
List the prime factors of 53459588.
2, 7, 13, 20981
List the prime factors of 111102216.
2, 3, 1667, 2777
List the prime factors of 2213629433.
113, 613, 31957
List the prime factors of 97120611.
3, 7, 1541597
List the prime factors of 85807313.
17, 461, 10949
List the prime factors of 727996433.
3119, 233407
List the prime factors of 248785747.
7, 149, 238529
What are the prime factors of 2067498211?
83, 24909617
List the prime factors of 223418973.
3, 74472991
List the prime factors of 4250566447.
409, 10392583
What are the prime factors of 29630947?
31, 829, 1153
List the prime factors of 11001759.
3, 29, 126457
List the prime factors of 808859462.
2, 1277, 316703
What are the prime factors of 1730031002?
2, 7, 123573643
List the prime factors of 157463693.
157463693
List the prime factors of 9140954.
2, 4570477
What are the prime factors of 92012310?
2, 3, 5, 13, 78643
What are the prime factors of 6949430?
2, 5, 17, 40879
What are the prime factors of 1193885398?
2, 29, 20584231
What are the prime factors of 24708051?
3, 915113
What are the prime factors of 461715171?
3, 53, 109, 26641
What are the prime factors of 220821037?
61, 79, 45823
What are the prime factors of 509646248?
2, 59, 18301
List the prime factors of 460144110.
2, 3, 5, 163, 94099
What are the prime factors of 345455404?
2, 7, 12337693
What are the prime factors of 348103639?
13, 73, 366811
List the prime factors of 607083090.
2, 3, 5, 17, 1190359
List the prime factors of 80248081.
23, 3489047
What are the prime factors of 767420463?
3, 163, 1569367
What are the prime factors of 958849141?
2203, 435247
List the prime factors of 1476918417.
3, 13, 37869703
What are the prime factors of 43235377?
23, 59, 151, 211
What are the prime factors of 42240606?
2, 3, 37, 149, 1277
What are the prime factors of 55608061?
499, 111439
What are the prime factors of 132472689?
3, 44157563
List the prime factors of 93250212.
2, 3, 11, 37, 61, 313
What are the prime factors of 773679477?
3, 73, 229, 15427
List the prime factors of 624741521.
1009, 619169
What are the prime factors of 26769613?
13, 19, 108379
What are the prime factors of 23392420?
2, 5, 19, 61559
What are the prime factors of 818723095?
5, 251, 652369
List the prime factors of 2284177681.
17, 31, 254959
List the prime factors of 2239995.
3, 5, 149333
What are the prime factors of 242951224?
2, 30368903
What are the prime factors of 1954535?
5, 11, 35537
List the prime factors of 1843381839.
3, 13, 29, 1629869
List the prime factors of 138865356.
2, 3, 7, 127, 4339
What are the prime factors of 470877882?
2, 3, 281, 367, 761
List the prime factors of 418454663.
11, 23, 53, 2837
What are the prime factors of 169435585?
5, 11, 3080647
What are the prime factors of 232851408?
2, 3, 4851071
What are the prime factors of 174318056?
2, 11, 1061, 1867
What are the prime factors of 65734032?
2, 3, 7, 13, 101, 149
What are the prime factors of 145895524?
2, 36473881
List the prime factors of 355533535.
5, 7, 233, 43597
List the prime factors of 148439384.
2, 18554923
List the prime factors of 74772175.
5, 59, 163, 311
List the prime factors of 5433425130.
2, 3, 5, 7, 47, 211, 2609
List the prime factors of 1198796377.
163, 1789, 4111
What are the prime factors of 255059214?
2, 3, 53, 802073
List the prime factors of 144941344.
2, 107, 42331
What are the prime factors of 1048302450?
2, 3, 5, 13, 17, 83, 127
What are the prime factors of 42139632?
2, 3, 877909
List the prime factors of 469510858.
2, 607, 386747
What are the prime factors of 1344248645?
5, 47, 73, 127, 617
List the prime factors of 30816389.
23, 1339843
List the prime factors of 5010271029.
3, 556696781
List the prime factors of 32954275.
5, 281, 4691
What are the prime factors of 399580867?
7, 57082981
What are the prime factors of 65289654?
2, 3, 3627203
What are the prime factors of 60324816?
2, 3, 587, 2141
List the prime factors of 387429693.
3, 7, 1877, 9829
List the prime factors of 370471466.
2, 241, 768613
List the prime factors of 592584466.
2, 23, 12882271
List the prime factors of 109837269.
3, 4068047
List the prime factors of 62241314.
2, 31120657
List the prime factors of 42694704.
2, 3, 13, 22807
What are the prime factors of 271762656?
2, 3, 11, 257351
List the prime factors of 101447249.
29, 769, 4549
List the prime factors of 1455654545.
5, 157, 1854337
List the prime factors of 30889982.
2, 15444991
List the prime factors of 107426541.
3, 1721, 20807
What are the prime factors of 502941204?
2, 3, 367, 12689
What are the prime factors of 1934417004?
2, 3, 13, 12400109
What are the prime factors of 114562114?
2, 727, 78791
List the prime factors of 417225379.
417225379
What are the prime factors of 2259217995?
3, 5, 101, 1491233
List the prime factors of 154116512.
2, 11, 367, 1193
List the prime factors of 91294160.
2, 5, 43, 26539
List the prime factors of 1971057787.
199, 1097, 9029
What are the prime factors of 123743836?
2, 37, 836107
What are the prime factors of 788202357?
3, 1861, 141179
What are the prime factors of 336527439?
3, 79, 1419947
List the prime factors of 8979625.
5, 71837
What are the prime factors of 21619122?
2, 3, 7, 514741
What are the prime factors of 513869061?
3, 37, 4629451
What are the prime factors of 46319164?
2, 11579791
What are the prime factors of 184307231?
184307231
List